6. Calculate h(-119).
8
Let k(p) = p**2 + 48*p - 181. Calculate k(9).
332
Let j(u) = 2*u**3 - 62*u**2 - 376*u + 535. Give j(36).
-41
Let t(h) = 4*h**3 - 39*h**2 + 332*h - 1463. Give t(6).
-11
Let l(m) = 21*m**2 + 3391*m - 1624. Determine l(-162).
158
Let h(u) = 1397*u - 33580. What is h(24)?
-52
Let h(b) = 4*b**3 + 335*b**2 + 1658*b + 416. Calculate h(-5).
1
Let o(g) = -20875*g + 229639. Determine o(11).
14
Let h(s) = -22*s**3 - 433*s**2 + 5953*s + 216. Give h(-29).
-16
Let f(z) = 276*z - 9117. Calculate f(37).
1095
Let y(r) = 2*r**2 - 626*r + 42453. Give y(216).
549
Let j(m) = -m**3 + 133*m**2 - 509*m - 435. Calculate j(129).
468
Let m(w) = 18*w**2 - 3965*w + 1062. Determine m(220).
-38
Let j(l) = 41*l**2 + 2879*l - 11511. Give j(-74).
-41
Let z(n) = -7*n**2 + 3746*n - 36998. Give z(10).
-238
Let k(n) = 13329*n - 106608. Determine k(8).
24
Let g(v) = 294*v**2 - 2628*v + 3988. Determine g(7).
-2
Let z(v) = 2*v**2 + 221*v + 2606. Determine z(-12).
242
Let n(v) = -117*v**2 + 11128*v - 1250. Give n(95).
-15
Let f(l) = l**3 + 187*l**2 - 1695*l - 2787. Give f(10).
-37
Let r(x) = -39*x**2 + 616*x - 165. Calculate r(16).
-293
Let x(p) = 127*p + 768. What is x(-11)?
-629
Let y(p) = 153*p + 2524. Give y(-17).
-77
Let q(r) = r**3 - 254*r**2 + 5503*r + 471. Determine q(230).
-3439
Let z(s) = s**2 + 943*s - 81676. What is z(80)?
164
Let j(u) = 9413*u + 47057. What is j(-5)?
-8
Let v(c) = c**3 - 11*c**2 + 4059*c - 36374. Determine v(9).
-5
Let s(c) = -c**2 - 660*c + 8379. Calculate s(12).
315
Let z(s) = -s**2 + 122*s - 2350. Give z(24).
2
Let a(m) = 1529*m**2 - 35169*m - 25. Give a(23).
-71
Let u(z) = -3899*z - 253403. Calculate u(-65).
32
Let p(o) = -o**3 + 67*o**2 + 507*o + 849. Determine p(74).
35
Let h(w) = w**3 - 573*w**2 + 3213*w - 211869. Calculate h(568).
-5
Let f(i) = 203*i**2 + 305*i + 64. What is f(-1)?
-38
Let q(p) = 2*p**3 - 6*p**2 - 2203*p + 18816. Give q(9).
-39
Let y(k) = 50*k**2 + 26044*k - 3727. Determine y(-521).
-601
Let m(t) = -101*t**3 + 1514*t**2 + 4*t - 13. Determine m(15).
-178
Let g(h) = 15*h**3 - 226*h**2 + 662*h + 56. Determine g(3).
413
Let t(d) = -d**3 - 31*d**2 - 101*d - 1618. Determine t(-26).
-2372
Let v(j) = -4397*j**2 - 74757*j - 176. Calculate v(-17).
-40
Let n(p) = 12323*p + 492910. Give n(-40).
-10
Let v(f) = 159825*f - 15822669. What is v(99)?
6
Let b(p) = 59*p**3 - 2*p**2 + 1821*p - 1822. Give b(1).
56
Let l(n) = 15*n**2 + 78*n + 2129. Determine l(0).
2129
Let o(k) = k**3 - 138*k**2 + 21*k + 12374. Determine o(137).
-3518
Let f(c) = -c**3 + 49*c**2 - 462*c - 60. What is f(36)?
156
Let v(g) = 4*g**2 + 822*g + 19400. Determine v(-23).
2610
Let k(s) = 106*s**3 - 2549*s**2 + 154*s - 814. Give k(24).
2
Let i(k) = k**3 + 31*k**2 + 221*k + 121. Give i(-21).
-110
Let z(a) = -8508*a - 1710109. What is z(-201)?
-1
Let g(c) = 147*c**3 + 10*c**2 + 13*c. Calculate g(1).
170
Let s(x) = -743*x - 228848. Determine s(-308).
-4
Let a(y) = 3330*y + 17858. Determine a(-5).
1208
Let l(j) = -2*j**3 - 105*j**2 - 64*j - 501. What is l(-52)?
123
Let f(s) = 882566*s + 2647694. Determine f(-3).
-4
Let p(s) = -s**3 - 36*s**2 + 920*s - 4670. Calculate p(9).
-35
Let g(i) = 3*i**2 + 133*i - 390. Give g(-47).
-14
Let g(c) = 3*c**3 - 20*c**2 + 179*c - 499. Calculate g(5).
271
Let b(a) = -4*a**3 - 16*a**2 + 839*a + 4907. What is b(-6)?
161
Let q(v) = -14*v**2 + 1021*v + 3976. Calculate q(-4).
-332
Let l(j) = 121*j + 5925. Determine l(-64).
-1819
Let s(u) = -52*u - 2209. Give s(-32).
-545
Let l(v) = v**2 + 201*v + 8843. What is l(-140)?
303
Let u(l) = -4*l**3 - 56*l**2 + 1437*l + 21. Calculate u(0).
21
Let a(k) = -357*k**2 + 1317*k - 1. Determine a(3).
737
Let x(q) = -31*q**3 - 587*q**2 + 37*q + 103. What is x(-19)?
122
Let t(x) = -x**3 + 24*x**2 + x - 151. What is t(25)?
-751
Let s(o) = -3*o**3 + 374*o**2 + 984*o - 107367. What is s(125)?
8
Let c(n) = -2*n**3 - 54*n**2 + 764*n - 165. Give c(10).
75
Let c(d) = -2346*d + 394182. What is c(168)?
54
Let w(y) = 39*y**3 - 4*y**2 - 4*y - 27. What is w(-4)?
-2571
Let t(l) = 2472*l - 22332. Determine t(9).
-84
Let g(b) = 7768*b + 69941. What is g(-9)?
29
Let q(t) = 24297*t + 3668841. Calculate q(-151).
-6
Let f(w) = 2*w**3 - 1737*w**2 + 2723*w - 105838. Give f(867).
-64
Let n(k) = -16504*k + 841706. What is n(51)?
2
Let o(w) = 95*w**2 + 1322*w - 40. Determine o(-14).
72
Let p(w) = 74*w**2 + 1388*w + 3528. Determine p(-3).
30
Let b(j) = 171*j + 85536. Give b(-501).
-135
Let v(f) = -f**3 - 119*f**2 + 595*f + 70624. What is v(-119)?
-181
Let c(x) = -221316*x + 1106565. Determine c(5).
-15
Let x(l) = -14*l**2 + 2453*l + 4906. Calculate x(-2).
-56
Let k(j) = -j**3 - 23*j**2 - 129*j - 2926. Determine k(-23).
41
Let b(c) = -c**3 - 78*c**2 - 377*c - 16965. Determine b(-76).
135
Let a(h) = 2*h**2 - 6*h + 356. What is a(-14)?
832
Let m(c) = -469*c**2 + 317509*c + 2706. Give m(677).
-2
Let l(f) = 76571*f + 459410. Calculate l(-6).
-16
Let b(z) = -1824*z + 49280. What is b(27)?
32
Let i(y) = -2*y**2 + 10012*y - 209356. What is i(21)?
14
Let j(k) = 135*k**3 - 5*k**2 - 3*k + 5. Give j(1).
132
Let i(k) = -k**2 - 149*k + 2058. Determine i(13).
-48
Let u(i) = -12*i**3 + 40*i**2 + 1016*i - 3929. What is u(4)?
7
Let v(a) = 902*a + 385158. Give v(-427).
4
Let s(b) = 4*b**3 - 68*b**2 - 99*b + 166. What is s(1)?
3
Let g(h) = 2*h**3 - 550*h**2 - 9928*h + 22. Calculate g(292).
22
Let s(d) = 1158*d**3 - 2*d**2 + 5*d - 4. Calculate s(1).
1157
Let l(q) = q**2 + 13*q - 6283. Calculate l(-76).
-1495
Let h(t) = 16996*t - 118971. Calculate h(7).
1
Let t(q) = 81*q**2 + 4434*q - 112. Calculate t(-56).
5600
Let y(x) = x**3 - 143*x**2 + 5076*x + 2068. Give y(69).
-2
Let m(p) = p**2 + 1188*p - 19280. Determine m(16).
-16
Let j(o) = 1691*o - 10710. Give j(6).
-564
Let p(h) = 4*h**3 + 429*h**2 + 112*h + 532. Give p(-107).
-3
Let d(x) = -x**3 - 11*x**2 + 1869*x + 20554. What is d(-11)?
-5
Let g(s) = -s**2 - 265*s - 10542. Give g(-49).
42
Let j(p) = 55*p - 3877. What is j(50)?
-1127
Let f(h) = -1117020*h - 15638278. Give f(-14).
2
Let u(p) = -4*p**3 - 30*p**2 + 88*p + 305. What is u(-9)?
-1
Let t(u) = -2420*u + 85347. Calculate t(35).
647
Let s(o) = 1057*o**2 - 8447*o - 58. Give s(8).
14
Let j(l) = 587*l + 34994. Determine j(-58).
948
Let s(v) = -2341*v - 149818. Determine s(-64).
6
Let a(s) = 62*s**2 + 202*s - 255. Calculate a(-9).
2949
Let q(d) = 139*d - 2390. What is q(16)?
-166
Let f(c) = 2*c**3 - 475*c**2 + 15645*c - 596. Calculate f(198).
-2
Let c(s) = 154*s + 11171. Calculate c(-77).
-687
Let b(o) = -o**3 + 66*o**2 + 1830*o + 11. Calculate b(-21).
-52
Let x(p) = -114905*p + 574509. Calculate x(5).
-16
Let v(m) = 14*m**2 + 725*m - 22717. Give v(22).
9
Let z(s) = s**3 + 67*s**2 + 318*s + 391. Give z(-62).
-105
Let c(k) = -4*k**2 - 172*k + 999. What is c(-40)?
1479
Let n(w) = -70*w**2 - 40771*w + 22743. Give n(-583).
6
Let w(o) = -1439*o - 103791. Calculate w(-72).
-183
Let z(w) = 8*w**3 + 29*w**2 - 265*w + 123. Determine z(5).
523
Let v(r) = -21*r - 1424. Calculate v(-112).
928
Let s(n) = n**3 + 176*n**2 - 3300*n - 383. Determine s(-193).
3284
Let m(z) = z**2 + 65144*z - 260590. What is m(4)?
2
Let q(g) = 1036*g + 39380. Give q(-38).
12
Let t(r) = -2*r**3 - 277*r**2 - 410*r - 227. What is t(-137)?
-364
Let h(j) = -j**2 - 55*j + 14299. Calculate h(-150).
49
Let z(c) = 1193*c + 564296. Give z(-473).
7
Let n(j) = -2*j**2 + 8002*j - 47947. Give n(6).
-7
Let v(u) = -886*u - 448267. Calculate v(-506).
49
Let x(g) = 34851*g + 11988686. Give x(-344).
-58
Let r(g) = 6*g**3 + 68*g**2 + 45*g + 20. What is r(-11)?
-233
Let u(l) = -6*l**2 + 456*l - 8326. Calculate u(40).
314
Let a(s) = 914*s + 91487. Determine a(-100).
87
Let d(h) = -495105*h + 3465738. Determine d(7).
3
Let p(i) = i**3 - 103*i**2 + 208*i + 128. Calculate p(101).
734
Let r(k) = -49*k**3 + 26*k**2 - 50*k + 14. What is r(2)?
-374
Let r(y) = 3267*y + 722005. Calculate r(-221).
-2
Let s(k) = -3495*k + 31580. Determine s(9).
125
Let x(p) = 182*p**2 - 504*p - 505. Calculate x(-1).
181
Let a(y) = y**3 - 967*y**2 - 8820*y - 282. What is a(-9)?
42
Let w(s) = 2*s**2 - 25849*s - 1271401. Give w(-49).
2
Let x(j) = -1635*j - 59327. Calculate x(-36).
-467
Let n(x) = -x**3 + 80*x**2 + 204*x - 16324. Determine n(80).
-4
Let s(o) = 2135*o + 91806. Determine s(-43).
1
Let j(d) = -d**3 - 168*d**2 - 923*